mposite?
False
Is 116209 a composite number?
True
Is 121229 composite?
False
Is 923722 a prime number?
False
Is 78053 a prime number?
False
Is 314074 composite?
True
Is 910607 prime?
False
Is 617587 prime?
True
Is 399979 a prime number?
True
Is 540343 a composite number?
False
Is 10393 a composite number?
True
Is 116461 a composite number?
False
Is 78469 a composite number?
True
Is 10771 prime?
True
Is 3762445 a prime number?
False
Is 38299 a composite number?
False
Is 63889 a prime number?
False
Is 18787 a prime number?
True
Is 3551 a composite number?
True
Is 32577 a composite number?
True
Is 51151 prime?
True
Is 228037 prime?
False
Is 7586 a prime number?
False
Is 6761 a prime number?
True
Is 87979 composite?
True
Is 405451 composite?
True
Is 121322 a composite number?
True
Is 400691 a prime number?
False
Is 7159 prime?
True
Is 9031 a composite number?
True
Is 887 composite?
False
Is 7123 composite?
True
Is 81527 prime?
True
Is 22633 a composite number?
True
Is 226741 a composite number?
False
Is 2665109 a prime number?
True
Is 127913 prime?
True
Is 16381 a composite number?
False
Is 3086 composite?
True
Is 3787 prime?
False
Is 115 a composite number?
True
Is 305977 a prime number?
False
Is 152777 a prime number?
True
Is 3418 a composite number?
True
Is 197677 prime?
True
Is 6913 a prime number?
False
Is 19883 composite?
True
Is 22565 prime?
False
Is 574069 a composite number?
True
Is 17585 composite?
True
Is 721977 a prime number?
False
Is 1399 composite?
False
Is 418499 a prime number?
False
Is 180307 prime?
True
Is 502781 composite?
False
Is 7586 a prime number?
False
Is 22403 composite?
True
Is 508247 composite?
True
Is 25481 prime?
False
Is 2897 composite?
False
Is 2213 prime?
True
Is 83917 a prime number?
False
Is 93715 a composite number?
True
Is 41119 composite?
True
Is 1050811 a composite number?
False
Is 7342 prime?
False
Is 697 prime?
False
Is 444409 a prime number?
False
Is 2286553 prime?
True
Is 8651 prime?
False
Is 1763 a prime number?
False
Is 3651 a prime number?
False
Is 5773 a prime number?
False
Is 20413 a prime number?
False
Is 20623 composite?
True
Is 2633 a composite number?
False
Is 343813 a composite number?
False
Is 51251 a prime number?
False
Is 413807 a composite number?
False
Is 2721 a composite number?
True
Is 125669 a composite number?
False
Is 79327 prime?
False
Is 643847 a prime number?
True
Is 37137 prime?
False
Is 2618339 a composite number?
False
Is 34253 prime?
True
Is 28387 a prime number?
True
Is 305249 composite?
True
Is 1019443 a prime number?
True
Is 131413 a composite number?
False
Is 16921 a composite number?
False
Is 415594 a composite number?
True
Is 4373 a composite number?
False
Is 6711 a prime number?
False
Is 36251 a composite number?
False
Is 9311 prime?
True
Is 1419441 composite?
True
Is 426691 composite?
False
Is 860933 composite?
True
Is 318367 a prime number?
False
Is 9647 prime?
False
Is 109799 a composite number?
True
Is 6443 prime?
False
Is 22709 prime?
True
Is 98633 a composite number?
True
Is 47131 prime?
False
Is 112843 composite?
False
Is 26831 composite?
True
Is 19921 prime?
False
Is 142643 a composite number?
True
Is 37061 a composite number?
False
Is 141131 prime?
True
Is 24191 a composite number?
True
Is 10243 prime?
True
Is 148261 prime?
False
Is 205289 a prime number?
False
Is 2225771 a prime number?
True
Is 659917 composite?
False
Is 358901 a prime number?
True
Is 37337 a composite number?
False
Is 34769 composite?
True
Is 81059 prime?
False
Is 33861 a prime number?
False
Is 77317 a prime number?
True
Is 298063 composite?
False
Is 292427 a composite number?
False
Is 633971 a composite number?
True
Is 3511 composite?
False
Is 65167 prime?
True
Is 2059 a composite number?
True
Is 886163 composite?
False
Is 47731 a prime number?
False
Is 12781 prime?
True
Is 9893 a composite number?
True
Is 615269 a composite number?
False
Is 36589 composite?
True
Is 16726 prime?
False
Is 118529 a composite number?
False
Is 457 prime?
True
Is 29473 composite?
False
Is 537049 a prime number?
False
Is 43391 a prime number?
True
Is 99679 prime?
True
Is 3683 composite?
True
Is 326927 a prime number?
False
Is 6326 a composite number?
True
Is 86341 a composite number?
False
Is 273253 prime?
True
Is 787003 a prime number?
False
Is 30553 prime?
True
Is 1409 a composite number?
False
Is 2171161 a composite number?
False
Is 27539 a composite number?
False
Is 78061 prime?
False
Is 60589 a composite number?
False
Is 190307 composite?
True
Is 2705 a composite number?
True
Is 180409 prime?
False
Is 2962051 composite?
True
Is 2879 a composite number?
False
Is 53329 composite?
True
Is 155735 a composite number?
True
Is 18833 a composite number?
True
Is 97757 a composite number?
True
Is 27449 a composite number?
False
Is 443811 composite?
True
Is 921605 a prime number?
False
Is 10561 a prime number?
False
Is 10393 composite?
True
Is 1137971 prime?
False
Is 31001 composite?
True
Is 611827 a prime number?
True
Is 7403 a prime number?
False
Is 3409 a prime number?
False
Is 2939 prime?
True
Is 214987 composite?
False
Is 31307 a composite number?
False
Is 439733 a composite number?
True
Is 699063 prime?
False
Is 12469 a prime number?
False
Is 199499 composite?
False
Is 82699 a prime number?
True
Is 11467 a prime number?
True
Is 3149 a prime number?
False
Is 42611 prime?
True
Is 2537999 composite?
False
Is 3566 a composite number?
True
Is 156059 composite?
False
Is 355061 a prime number?
False
Is 37769 a prime number?
False
Is 203531 a composite number?
False
Is 30633 composite?
True
Is 53491 a prime number?
False
Is 76477 a composite number?
True
Is 214201 prime?
False
Is 196477 a prime number?
True
Is 2393 composite?
False
Is 164813 a prime number?
False
Is 805489 a composite number?
True
Is 14143 composite?
False
Is 15559 prime?
True
Is 4127 prime?
True
Is 64333 composite?
False
Is 9757 a prime number?
False
Is 41279 a prime number?
False
Is 613 a composite number?
False
Is 11027 prime?
True
Is 35671 composite?
False
Is 168247 prime?
True
Is 3109 a composite number?
False
Is 5903 composite?
False
Is 264967 a composite number?
True
Is 62641 composite?
True
Is 9811 a prime number?
True
Is 347719 a prime number?
False
Is 5879 a composite number?
False
Is 7069 a composite number?
False
Is 8893 composite?
False
Is 19249 prime?
True
Is 97655 prime?
False
Is 5729377 composite?
False
Is 49519 a composite number?
True
Is 3089 prime?
True
Is 170421 a composite number?
True
Is 5147 prime?
True
Is 1520578 composite?
True
Is 776401 composite?
False
Is 7237 a prime number?
True
Is 9223 a composite number?
True
Is 2437847 a composite number?
False
Is 42838 a prime number?
False
Is 2293903 a prime number?
False
Is 7981 a composite number?
True
Is 64433 prime?
True
Is 103369 a composite number?
True
Is 123953 a prime number?
True
Is 5779 a prime number?
True
Is 20341 a prime number?
True
Is 119359 composite?
False
Is 1594771 composite?
False
Is 528897 a prime number?
False
Is 36451 a composite number?
False
Is 271351 composite?
False
Is 279131 composite?
False
Is 9517 composite?
True
Is 674953 a composite number?
False
Is 1941 a composite number?
True
Is 21797 a prime number?
False
Is 10541 composite?
True
Is 100313 composite?
False
Is 27239 composite?
False
Is 151393 a composite number?
True
Is 706721 prime?
False
Is 95389 composite?
True
Is 14969 prime?
True
Is 133153 composite?
False
Is 17897 a composite number?
True
Is 53231 a composite number?
False
Is 3957 prime?
False
Is 239873 prime?
True
Is 215797 a composite number?
False
Is 127013 composite?
True
Is 43181 prime?
False
Is 850909 a composite number?
True
Is 18779 a prime number?
False
Is 11084129 prime?
False
Is 3143323 a composite number?
False
Is 14963 prime?
False
Is 73547 prime?
True
Is 22805 a composite number?
True
Is 989 composite?
True
Is 391909 prime?
False
Is 1739 a composite number?
True
Is 24665 composite?
True
Is 111019 a composite number?
True
Is 91331 prime?
True
Is 589579 composite?
False
Is 9193 a prime number?
False
Is 12601 composite?
False
Is 1026313 a composite number?
False
Is 1939 prime?
False
Is 34901 a prime number?
False
Is 77839 composite?
False
Is 11369 composite?
False
Is 561695 composite?
True
Is 4385737 composite?
True
Is 23645 a compo